{"id":62,"date":"2019-03-06T12:16:45","date_gmt":"2019-03-06T11:16:45","guid":{"rendered":"http:\/\/navicon.wasta.at\/?page_id=62"},"modified":"2019-03-06T14:12:15","modified_gmt":"2019-03-06T13:12:15","slug":"michael-huber","status":"publish","type":"page","link":"https:\/\/www.navicon.at\/index.php\/michael-huber\/","title":{"rendered":"Michael Huber"},"content":{"rendered":"<p><\/p>\n<figure class=\"wp-block-image is-resized\"><img loading=\"lazy\" decoding=\"async\" src=\"http:\/\/navicon.wasta.at\/wp-content\/uploads\/2019\/03\/Passfoto-Michael_NEU1-1-685x1024.jpg\" alt=\"\" class=\"wp-image-63\" width=\"292\" height=\"436\" srcset=\"https:\/\/www.navicon.at\/wp-content\/uploads\/2019\/03\/Passfoto-Michael_NEU1-1-685x1024.jpg 685w, https:\/\/www.navicon.at\/wp-content\/uploads\/2019\/03\/Passfoto-Michael_NEU1-1-201x300.jpg 201w, https:\/\/www.navicon.at\/wp-content\/uploads\/2019\/03\/Passfoto-Michael_NEU1-1-768x1148.jpg 768w, https:\/\/www.navicon.at\/wp-content\/uploads\/2019\/03\/Passfoto-Michael_NEU1-1.jpg 1181w\" sizes=\"auto, (max-width: 292px) 100vw, 292px\" \/><figcaption> Mag. Michael Huber <\/figcaption><\/figure>\n<p><\/p>\n<p><\/p>\n<p><strong>Mag. Michael Huber<\/strong> ist Experte auf dem Gebiet  internationaler Vertrieb und strategisches Marketing. Die Erfahrung aus  langj\u00e4hrige Managementt\u00e4tigkeiten auf diesem Gebiet im industriellen  Umfeld f\u00fchrt zu einer kompetenten und zielgerichteten Umsetzung von  Ihren konkreten Themenfeldern. <\/p>\n<p><\/p>\n<p><\/p>\n<p><strong>Berufs- und Projekterfahrung<\/strong><\/p>\n<p><\/p>\n<p><\/p>\n<ul class=\"wp-block-list\">\n<li>Verkaufs- und Marketingleiter<\/li>\n<li>Gesch\u00e4ftsf\u00fchrer<\/li>\n<li>Produktmanager<\/li>\n<li>Einkaufsleiter<\/li>\n<li>Projektleiter<\/li>\n<li>Interimmanager<\/li>\n<\/ul>\n<p><\/p>\n<p><\/p>\n<p><strong>Beratungsschwerpunkte<\/strong><\/p>\n<p><\/p>\n<p><\/p>\n<ul class=\"wp-block-list\">\n<li>Vertriebssteuerung und -optimierung<\/li>\n<li>Strategisches Marketing \u2013 von der Markt- und Ist-Analyse \u00fcber eine Strategic-Fit-Analyse zum Marketingkonzept<\/li>\n<li>Entwicklung und Umsetzung von Vertriebskonzepten \u2013 Business Development<\/li>\n<li>Aufbau und Management von Vertriebskan\u00e4len<\/li>\n<li>Entwicklung von spezifischen ABC Analysen<\/li>\n<li>Aufbau Key Account Management<\/li>\n<li>Strategischer Einkauf \u2013 Materialgruppenmanagement,<br \/>\nLieferantenmanagement, Bewertung und Auswahl von alternativen<br \/>\nSourcing-Konzepten<\/li>\n<\/ul>\n<p><\/p>\n<p><\/p>\n<p><strong>Branchenkompetenz:<\/strong><\/p>\n<p><\/p>\n<p><\/p>\n<ul class=\"wp-block-list\">\n<li>Gro\u00dfhandel<\/li>\n<li>Stahl-\/Metallbranche<\/li>\n<li>Automobil-Zulieferindustrie<\/li>\n<li>chemische Industrie<\/li>\n<li>Papierindustrie<\/li>\n<\/ul>\n<p><\/p>\n<p><\/p>\n<p>Mein Profil auf <a href=\"https:\/\/www.xing.com\/profile\/Michael_Huber38?sc_o=rhs_contacts\">XING<\/a>.<\/p>\n<p><\/p>\n","protected":false},"excerpt":{"rendered":"<p>Mag. Michael Huber ist Experte auf dem Gebiet internationaler Vertrieb und strategisches Marketing. Die Erfahrung aus langj\u00e4hrige Managementt\u00e4tigkeiten auf diesem Gebiet im industriellen Umfeld f\u00fchrt zu einer kompetenten und zielgerichteten Umsetzung von Ihren konkreten Themenfeldern. Berufs- und Projekterfahrung Verkaufs- und [&hellip;]<\/p>\n","protected":false},"author":1,"featured_media":0,"parent":0,"menu_order":0,"comment_status":"closed","ping_status":"closed","template":"","meta":{"footnotes":""},"class_list":["post-62","page","type-page","status-publish","hentry"],"_links":{"self":[{"href":"https:\/\/www.navicon.at\/index.php\/wp-json\/wp\/v2\/pages\/62","targetHints":{"allow":["GET"]}}],"collection":[{"href":"https:\/\/www.navicon.at\/index.php\/wp-json\/wp\/v2\/pages"}],"about":[{"href":"https:\/\/www.navicon.at\/index.php\/wp-json\/wp\/v2\/types\/page"}],"author":[{"embeddable":true,"href":"https:\/\/www.navicon.at\/index.php\/wp-json\/wp\/v2\/users\/1"}],"replies":[{"embeddable":true,"href":"https:\/\/www.navicon.at\/index.php\/wp-json\/wp\/v2\/comments?post=62"}],"version-history":[{"count":2,"href":"https:\/\/www.navicon.at\/index.php\/wp-json\/wp\/v2\/pages\/62\/revisions"}],"predecessor-version":[{"id":112,"href":"https:\/\/www.navicon.at\/index.php\/wp-json\/wp\/v2\/pages\/62\/revisions\/112"}],"wp:attachment":[{"href":"https:\/\/www.navicon.at\/index.php\/wp-json\/wp\/v2\/media?parent=62"}],"curies":[{"name":"wp","href":"https:\/\/api.w.org\/{rel}","templated":true}]}}